actors of s?
2, 19
Let f(y) = 17867*y - 55. What are the prime factors of f(1)?
2, 61, 73
Let o(s) = 58*s**2 - 42*s - 4. Let v(w) = -w**2 - 14*w - 41. Let g be v(-9). List the prime factors of o(g).
2, 3, 7
Let k = -4090 - -9404. What are the prime factors of k?
2, 2657
Suppose -5844352 = 36*b - 164*b. What are the prime factors of b?
45659
Suppose -23310 = -4*k + 2*f, -297*k = -296*k + 4*f - 5823. What are the prime factors of k?
5827
Let y(v) = -7*v + 95. Let i be y(13). Suppose -358 = -i*u + 3418. List the prime factors of u.
2, 59
Let m(g) = 2*g**2 - g. Let q be 1/1 - -2 - 4. Let p be m(q). Suppose 0 = x + 3*a - 149, -5*x - 2*a + 745 = p*a. What are the prime factors of x?
149
Suppose 0*r + n = 2*r + 2, -4*r + 5*n = 10. Let j(d) = -d**2 + d + 69. Let q be j(r). Let t = 75 - q. What are the prime factors of t?
2, 3
List the prime factors of 492/(-246)*(28863/(-2) + -2).
28867
Suppose -20*d - 18*d = 9*d - 231898. What are the prime factors of d?
2, 2467
Let b = 25412 + -15875. What are the prime factors of b?
3, 11, 17
Suppose -4*l + l = -228. Suppose 0 = -r - l + 502. List the prime factors of (-4)/(-12)*-1 - r/(-9).
47
Let m = 20 + -13. Suppose 3*l - 1112 = -a, -5*a + m*a + 366 = l. What are the prime factors of l?
2, 5, 37
Let j be 11/(-55) + 348/(-10). Let p(v) = 68*v + 14. Let l be p(-3). Let u = j - l. List the prime factors of u.
5, 31
Let k be 553 + 0 + 28 + -28. Suppose -4*y - k = -2*r + 307, r = -y + 439. List the prime factors of r.
2, 109
Let p(g) = 11*g - 219. Let d be p(17). List the prime factors of (-34964)/d + (-2)/((-16)/3).
1093
Let z = 67 - 73. Let p(l) = -2*l**2 - 9*l + 12. Let r be p(z). What are the prime factors of (-452)/r - 18/(-27)?
2, 19
Let j(x) = 1188*x**2 - 409*x - 1689. List the prime factors of j(-4).
5, 17, 223
Let k(w) be the first derivative of 4*w**3 + 15*w**2 - 12*w - 142. List the prime factors of k(-6).
2, 3, 5
Suppose j + 82 = -209. Let y = -424 - j. Let g = y + 268. What are the prime factors of g?
3, 5
Suppose -14481*l = -14463*l - 198. Let b = 324 - -576. Suppose -l*a + 5*a = -b. What are the prime factors of a?
2, 3, 5
Let w be ((-9)/6)/((-3)/1278). Let u = 644 - w. What are the prime factors of u?
5
Suppose 48657 - 885317 = -20*g. List the prime factors of g.
11, 3803
Suppose -109*u + 5369495 + 725685 = -18*u. List the prime factors of u.
2, 5, 17, 197
Let v(o) = -o + 11. Suppose -32 = 4*l - 2*p, 2*l - 7*l + 3*p = 41. Let k be v(l). Suppose -17*j + k*j = 73. List the prime factors of j.
73
What are the prime factors of (-12)/(7/(-5859)*6)?
2, 3, 31
Let q = 3553 + 5467. List the prime factors of q.
2, 5, 11, 41
Let j(c) be the first derivative of -39*c**2/2 - 3*c - 13. What are the prime factors of j(-14)?
3, 181
What are the prime factors of (-10)/12 + (-2466618)/(-396)?
2, 3, 173
Suppose 276 = -16*o + 19*o + 3*s, -67 = -o + 4*s. Suppose 4*f = -2*g - g - 105, 5*f - 3*g + 111 = 0. Let z = f + o. What are the prime factors of z?
3, 7
Let a(r) be the third derivative of 5*r**5/6 - 5*r**4/24 + r**3 - 8*r**2 + 2. What are the prime factors of a(2)?
2, 7
Suppose 7*s - 4*x = 3*s + 130608, 5*x = 12*s - 391824. What are the prime factors of s?
2, 3, 907
Suppose 0 = o + 3*o - 4*y, -5*y = 2*o - 14. Let f = -216 - -219. Suppose 2*d - g = 101, 25 = -f*g - o*g. What are the prime factors of d?
2, 3
Let g(d) = 3817*d**3 - 14*d + 14. Let z be g(1). Suppose -y + t + 947 + 949 = 0, 2*y = -3*t + z. What are the prime factors of y?
1901
Suppose -2 - 25 = -9*c. Suppose -c*v + 23 = -13. Suppose -n + v = -1. List the prime factors of n.
13
List the prime factors of (-34 + -3591)*(-16)/10.
2, 5, 29
Let v(k) = k - 1. Let z be v(-9). Let r be (-1 + z)/((-3)/6). Let w = r + 14. List the prime factors of w.
2, 3
Suppose 29*w + 776 = 126*w. Suppose -3 - 3 = -3*y. Suppose -480 = -w*q + y*q. List the prime factors of q.
2, 5
Let r be 69 + 6/6 + 2/(-2). Let q = 70 - r. List the prime factors of q/((-4)/(-1752)*3).
2, 73
Suppose -105*y + 109*y = 2*p - 6372, p - 3*y = 3191. List the prime factors of p.
2, 397
Suppose -30*z + 219926 = 20*z - 30574. What are the prime factors of z?
2, 3, 5, 167
Suppose -143*l + 1025327 = -2728852. List the prime factors of l.
3, 2917
Let k be 55/22*(-48)/(-5). Suppose -k*p + 1670 = -23*p. List the prime factors of p.
2, 5, 167
Let u(b) = -677*b - 5219. List the prime factors of u(-29).
2, 7207
Let s(a) = -71*a - 2521. List the prime factors of s(-81).
2, 5, 17, 19
Suppose -4*x + 8 = -4. Suppose -x*y - 5*k - 18 = 0, -3*k - 6 = -6*y + 3*y. What are the prime factors of 2 + y - 455/(-5)?
2, 23
Suppose -33*b - 19707 = -129465. What are the prime factors of b?
2, 1663
Let b(g) = 8 + 39*g + 7 + 7 - 5. List the prime factors of b(5).
2, 53
Suppose 0 = 3*y + 12, 42*m + y + 32412 = 44*m. What are the prime factors of m?
2, 4051
Suppose -261465 - 195584 + 169601 = -21*t. List the prime factors of t.
2, 29, 59
Suppose 4*o - 16 - 4 = 0, 0 = -2*w + 3*o - 7. Suppose 221 = -w*v + 901. List the prime factors of v.
2, 5, 17
Suppose 0 = -25*i + 58*i - 38775. What are the prime factors of i?
5, 47
Suppose -31*l + 66992 + 411983 = 18*l. List the prime factors of l.
5, 17, 23
Let t be 8/(-64)*-16 - (-172)/2. Suppose -t*b = -83*b - 3825. List the prime factors of b.
3, 5, 17
Suppose 14*y - 14960 = -904. Let b(i) = 6*i - 4. Let v be b(1). Suppose -v*p - 2*p = -y. What are the prime factors of p?
251
Suppose 0 = 1024*a - 1070*a + 286994. What are the prime factors of a?
17, 367
Let h = 5045 + 2026. What are the prime factors of h?
3, 2357
Let b(i) = 2211*i**2 - 30*i + 14. What are the prime factors of b(1)?
5, 439
List the prime factors of ((-2303680)/800)/(2/(-10)*2).
23, 313
Let b be 1 + -2 - -17*82. Suppose 0 = -5*h - 4*v + b, -3*h + 4*v + 293 = -2*h. What are the prime factors of h?
281
Suppose -4*b + 3*f = -4745, 3*f + 1096 + 88 = b. Let d = b + -447. List the prime factors of d.
2, 5, 37
Suppose -8*v = 11*v - 171. Suppose -v*j + 1827 = 243. What are the prime factors of j?
2, 11
Let y = 94 + -20. Suppose -6*u = -5*u + y. List the prime factors of (5 - 4) + u*(1 - 2).
3, 5
Let q be (-36)/(-63) + 43882/14. Suppose -r - 2496 = -4*x - 0*x, 0 = 5*x - 5*r - q. List the prime factors of x.
7, 89
Let y(l) = 16*l**2 - 25*l + 266. Suppose 18 = 18*n - 16*n. What are the prime factors of y(n)?
7, 191
Let h be (-2)/(-4)*36/(-2 + 5). Let i(t) = -2*t**2 + 9*t + 21. Let l be i(h). Suppose l*j - 958 = -319. List the prime factors of j.
3, 71
What are the prime factors of 19/(95/(-30)) + -2 - -4781?
3, 37, 43
Let s = 149 + -90. Suppose 0 = -57*g + s*g - 210. List the prime factors of g.
3, 5, 7
Suppose 21620 = -14*h + 37*h. Suppose 5*g - 5*c - 178 - 792 = 0, h = 5*g + c. List the prime factors of g.
3, 7
Let i = -987 + 991. Suppose i*o - 2305 = 3255. List the prime factors of o.
2, 5, 139
Suppose c + 2*o - 4*o = 8, 4 = -c - 2*o. Suppose -7*l = -3*y - c*l + 24, y + 6 = -3*l. What are the prime factors of (-1 - ((y - 2) + -16)) + -2?
2, 3
Let z(k) = -3*k**2 - 49*k - 10. Let w be z(-16). What are the prime factors of w + -1 + (-1550)/(-5)?
3, 5, 7
Let h(y) = -2*y**3 + 4*y**2 - 19*y - 259. What are the prime factors of h(-13)?
2, 3, 281
Let d(w) = 2*w**2 + 3*w - 4. Let t(h) = 3*h + 16. Let u(i) = 9*i + 47. Let v(l) = 11*t(l) - 4*u(l). Let f be v(-3). List the prime factors of d(f).
5
Suppose -3*f + 18 = -4*c, -13*f = -9*f - 5*c - 23. Suppose -9*d + 70 = -f. List the prime factors of d.
2
Suppose 4*b - 156 = 124. Suppose -m + 524 - b = 0. What are the prime factors of m?
2, 227
Suppose 17*h = 13*h - 12. Let q(k) = -3*k + 5. What are the prime factors of q(h)?
2, 7
Let w(l) = 68 - 42 - 5*l + 3*l. What are the prime factors of w(8)?
2, 5
Suppose -2*i = -3*i - 4*c - 21, -12 = 2*i + 2*c. Let s be -604*((-3)/2 - i). Suppose -22*t = -20*t - s. What are the prime factors of t?
151
Let c be 3/((-6)/(-38)) - -1. Suppose 3*h + 3*b = -b - 20, h - c = 4*b. Suppose -l - 3*z + 56 = h, 5*l - 89 = 4*z + 229. What are the prime factors of l?
2, 31
Suppose 151040 = -65*z + 1161205. What are the prime factors of z?
15541
Let g = 386 + 143. Let x = g + -315. List the prime factors of x.
2, 107
What are the prime factors of ((-51228)/(-48))/(3 + 1/((-48)/126))?
2, 1423
Let g(q) = 2*q**2 + 6*q + 21. Suppose m + m - 10 = 5*w, -4*m - 16 = -w. What are the p